Let c be w(5). Calculate the remainder when 20 is divided by c*2/g - -9.
6
Let c = -16 - -20. Let l(k) = k**3 + k**2 + k - 3. What is the remainder when l(c) is divided by 28?
25
Let t(y) = 11*y - 6*y + 5*y - y**2. Let p(q) = -3*q - 35. Let x be p(-14). What is the remainder when 40 is divided by t(x)?
19
Let a = -5 - -20. Calculate the remainder when 59 is divided by a.
14
What is the remainder when 19 is divided by 22/(-1 + (-9)/(-3))?
8
Let h = -7 - -5. Let w(r) = -r - 2. Let x be w(h). Suppose 0 = -x*s + 3*s + 4*a - 42, 14 = s - 3*a. Calculate the remainder when s is divided by 5.
4
Let r = 28 + -16. What is the remainder when 35 is divided by r?
11
Suppose -2*s - 27 = 3*x, -4*x = -s - s - 20. Let z = 50 + s. Calculate the remainder when z is divided by -4*(-6 - (-2)/2).
18
Let k = 55 + 62. Calculate the remainder when k is divided by 15.
12
Let u = 6 - 4. Calculate the remainder when 4 is divided by ((-9)/6)/(u/(-4)).
1
Suppose 0 = 4*f - 2*f - 54. Calculate the remainder when 79 is divided by f.
25
Calculate the remainder when 89 is divided by (3/(-6))/((-2)/120).
29
What is the remainder when 443 is divided by 3 - (-37 - -1 - -2)?
36
Let t be (-1 - -1)/(0 + -1). Suppose -v - 12 + 4 = -l, t = -3*l - v + 40. What is the remainder when 268/8 - (0 + 6/(-4)) is divided by l?
11
Let z(r) = 13*r - 2. Let m be -5*2/(-10)*3. Calculate the remainder when z(m) is divided by 1/((1/(-19))/(-1)).
18
Suppose 4*v - 17*v + 351 = 0. Calculate the remainder when 47 is divided by v.
20
Let t = 10 + -7. Suppose 0 = g + t*g - 8. Suppose 2*a = 8 - g. What is the remainder when 10 is divided by a?
1
Let l(n) = 3*n**2 - 2*n + 4. Calculate the remainder when l(3) is divided by 9.
7
Let m(f) = -9*f**2 - 2 + 0*f**3 + 2*f**2 - 2 - 8*f - f**3. What is the remainder when m(-6) is divided by 3?
2
Let g(m) = m**3 - 5*m**2 + 2*m - 3. Suppose 3*y - 4 - 17 = -3*p, -2*p = 4*y - 38. What is the remainder when y is divided by g(5)?
5
Let i be 5/1 + 2*-1. Suppose 5*y - q = -0*y + 277, -i*q + 9 = 0. What is the remainder when y is divided by 19?
18
Suppose 4*g = 2*g + 42. Let c(w) = w**2 - 5*w + 6. Let q be c(5). Suppose -2*d = -q*d + 44. What is the remainder when g is divided by d?
10
Suppose 5*w + 5*u = -3 - 2, -3*u + 12 = 0. Let g be (-1)/w - 6/30. Suppose -26 = -g*r - 2*r. What is the remainder when 24 is divided by r?
11
Let d = -24 - -42. Calculate the remainder when d is divided by 10.
8
Suppose -17 = -c - 4*z - 0*z, -2*c - 5*z + 25 = 0. Suppose -m - 10 = -24. What is the remainder when m is divided by c?
4
Let d = 12 + -7. Suppose -d*f + 28 = -2. What is the remainder when 15 is divided by f?
3
Let m = -11 + 20. What is the remainder when 4/(-14) - 121/(-7) is divided by m?
8
Suppose 0 = 2*s - 0*s - 18. What is the remainder when 35 is divided by s?
8
What is the remainder when 4 is divided by (-12)/8*16/(-12)?
0
Suppose -5*k + 68 = -k. Let b = k - 74. What is the remainder when b*(-3)/(2 + 7) is divided by 10?
9
Suppose 0 = 3*t - 0 - 15. Suppose 8*m - t*v - 125 = 3*m, -58 = -2*m - 2*v. What is the remainder when m is divided by 7?
6
Let d(k) = k**3 - 12*k**2 + 18*k - 19. What is the remainder when d(11) is divided by 12?
10
Suppose 9 = 2*j - 5. What is the remainder when 46 is divided by j?
4
Let q be 1 - (-5)/((-5)/(-4)). Let s(b) = -3*b**3 + q + 4*b**3 + 7*b**2 + b + b**3 - 3*b**3. Calculate the remainder when s(7) is divided by 5.
2
Let z = -28 - -16. Let k(h) = -h**3 - 13*h**2 - 14*h - 14. Calculate the remainder when 27 is divided by k(z).
7
Let f = 24 + -19. Calculate the remainder when 11 is divided by f.
1
Let t(z) = -z**3 + 5*z**2 - 3*z + 9. What is the remainder when 36 is divided by t(4)?
10
Let w be 5/((-15)/(-12)) - 2. Calculate the remainder when ((-8)/(-5))/(w/50) is divided by 14.
12
Let c(v) = v**2 - 5*v - 8. Let s be c(7). Suppose s*h - h = 0. Suppose -n + h*n = -17. Calculate the remainder when 32 is divided by n.
15
Let z = -15 - -10. Suppose -v - 4 = -0*v. Let h = v - z. What is the remainder when 1 is divided by h?
0
Let o be 4/3*18/4. Suppose -4*u + o = -2*u. Let r = 16 - u. What is the remainder when 25 is divided by r?
12
Let w(a) = a**2 - 2*a + 2. Let q be w(2). Suppose -q*p + 3*l = -38, 4*l = p + l - 16. Suppose -3*n = -p - 41. What is the remainder when n is divided by 11?
10
Suppose -53 - 23 = -4*d. Calculate the remainder when 112 is divided by d.
17
Let h(m) = m + 14. Let v = 1 - -9. Calculate the remainder when v is divided by h(-11).
1
Let n be ((-1 - -2) + -2)*-7. Let w = n - -1. Calculate the remainder when 22 is divided by w.
6
Let r(a) = 4*a - 4. Let w be r(11). Suppose 3*y = y + w. What is the remainder when 78 is divided by y?
18
Let w(k) = -k. Let f be w(3). Let t = 5 + f. Calculate the remainder when 10/(5/(-1))*-1 is divided by t.
0
Suppose 0 = -0*w - 4*w. Suppose 0 = 5*v - 2*p - 69, v = -w*v - 5*p + 3. Calculate the remainder when 38 is divided by v.
12
Let j = -20 - -27. Calculate the remainder when 11 is divided by j.
4
Let m = 8 + -6. Suppose l - m = -l. Calculate the remainder when 111/3*(l + 0) is divided by 13.
11
Suppose 2*o + 3 = o. Let a = o + 1. What is the remainder when ((-5)/a)/((-1)/(-12)) is divided by 16?
14
Suppose 4*f - 2 = 3*l, -f - 3 + 9 = 2*l. Calculate the remainder when 9 is divided by f.
1
Suppose 4*k + 8 = 76. Suppose 3*r = 8*r. Let n(a) = -a**3 - a**2 + a + 9. What is the remainder when k is divided by n(r)?
8
Let a(j) = -10*j. Let t be a(-1). Let x = 1 + t. What is the remainder when 30 is divided by x?
8
Let o(w) = -w**2 - w + 2. Let f(m) = m**3 - 6*m**2 + m - 8. Let c be f(6). Let l be o(c). Let s = l + 11. What is the remainder when 20 is divided by s?
9
Suppose -31 = -4*c - 5*n, 2*c = 7*c + n - 23. Calculate the remainder when 50 is divided by c.
2
Let b(n) = -n**2 - 5*n + 2. Let s be b(-6). Let d(f) = 3*f**2 + 3*f + 1. What is the remainder when d(s) is divided by 13?
11
Let d be (33/9 - 1)*12. Calculate the remainder when 23 is divided by ((-18)/12)/((-6)/d).
7
Let a = 3 - 3. Suppose -r + 2*r + 3 = a, 4*r = -k - 8. Calculate the remainder when 14 is divided by k.
2
Let t be (10/4 - 3)*0. Suppose t = -9*w + 10*w - 17. Let d = w + -5. Calculate the remainder when 34 is divided by d.
10
Let m = -14 - -32. Suppose h + m = 2*h. Let k = h - 2. What is the remainder when k is divided by 9?
7
Let h(z) = -z**3 - 15*z**2 - 6*z - 15. What is the remainder when h(-15) is divided by 26?
23
Suppose 60 = 2*p + 4*l, -5*l - 55 = p - 5*p. Suppose -3*t + 1 = -185. Calculate the remainder when t + -4 + (0 - -1) is divided by p.
19
Let j(g) = -g + 35. Let t = 48 - 30. What is the remainder when j(0) is divided by t?
17
Suppose 9*x - 4*x = 355. What is the remainder when x is divided by 12?
11
Let q(d) = -d**3 + d + 5. Calculate the remainder when q(0) is divided by 8 + 1 + (2 - 7).
1
Let q(d) = d**2 - d - 2. Let i be q(-2). Suppose -3*c - i = -16. Let p(t) = -t**2 + 9*t + 3. Calculate the remainder when p(c) is divided by 12.
11
Suppose -10*w + 52 + 58 = 0. Suppose -2*o = 5*p + 8, -o = -3*o - 2*p + 4. Calculate the remainder when w is divided by o.
5
Let g = -186 - -308. What is the remainder when g is divided by 42?
38
Let v(z) = -z**2 - 7*z - 5. Let a be v(-5). Suppose m = 4*m + 4*r - 25, -4*m + a*r + 54 = 0. Calculate the remainder when 32 is divided by m.
10
Let c = 14 - -26. Let b(d) = -d**2 - 8*d + 4. Calculate the remainder when c is divided by b(-7).
7
Suppose 0*y - y + 2 = 0. Suppose 2*b - 12 = -2*b. Let d = 5 - b. What is the remainder when y is divided by d?
0
Let k = 29 + -16. Let c(p) = 24*p**3 - 2*p + 2. Let x be c(2). Suppose 88 = 3*y - 5*i - 28, 5*y - 5*i = x. What is the remainder when y is divided by k?
11
Let l(x) = 28*x**3 - 2*x**2 + 2*x - 1. Let q = -17 + 11. Let c = 16 + q. Calculate the remainder when l(1) is divided by c.
7
Suppose 4*a = 2*a + 26. Let s be 748/(2*4/(-8)). Calculate the remainder when s/(-20) + (-6)/(-10) is divided by a.
12
Let w be -2 + 6 + -4 + 2. Calculate the remainder when (74/4)/(15/30) is divided by 15 - (w + -6)/(-2).
11
Suppose 0 = 5*u - 0*u - 100. What is the remainder when u is divided by 45/6 - 2/4?
6
Let h = 9 + 6. Calculate the remainder when 84/(-15)*(-5 + 0) is divided by h.
13
Let k = 9 - -8. Let z be ((-6)/(-5))/((-1)/5). Let c = k + z. What is the re